is the hundreds digit of 537?
5
What is the tens digit of 1072?
7
What is the hundreds digit of 396?
3
What is the thousands digit of 36810?
6
What is the thousands digit of 1999?
1
What is the ten thousands digit of 13149?
1
What is the tens digit of 923?
2
What is the thousands digit of 43789?
3
What is the tens digit of 4539?
3
What is the hundreds digit of 1109?
1
What is the thousands digit of 8727?
8
What is the units digit of 98564?
4
What is the hundreds digit of 15144?
1
What is the hundreds digit of 876?
8
What is the tens digit of 803?
0
What is the units digit of 22160?
0
What is the hundreds digit of 572?
5
What is the thousands digit of 25719?
5
What is the thousands digit of 102787?
2
What is the units digit of 626?
6
What is the tens digit of 7655?
5
What is the hundreds digit of 91437?
4
What is the hundreds digit of 5204?
2
What is the units digit of 6419?
9
What is the hundreds digit of 528?
5
What is the ten thousands digit of 17778?
1
What is the hundreds digit of 761?
7
What is the units digit of 204?
4
What is the hundreds digit of 6852?
8
What is the thousands digit of 1701?
1
What is the units digit of 7704?
4
What is the thousands digit of 1531?
1
What is the units digit of 4494?
4
What is the hundreds digit of 1741?
7
What is the thousands digit of 11162?
1
What is the ten thousands digit of 28490?
2
What is the thousands digit of 1370?
1
What is the units digit of 12991?
1
What is the hundreds digit of 1433?
4
What is the thousands digit of 54438?
4
What is the tens digit of 805?
0
What is the tens digit of 63082?
8
What is the hundreds digit of 6616?
6
What is the hundreds digit of 39201?
2
What is the units digit of 839?
9
What is the hundreds digit of 2601?
6
What is the tens digit of 3183?
8
What is the thousands digit of 119401?
9
What is the thousands digit of 2664?
2
What is the thousands digit of 11525?
1
What is the units digit of 7172?
2
What is the hundreds digit of 3894?
8
What is the hundreds digit of 11849?
8
What is the hundreds digit of 101020?
0
What is the hundreds digit of 1679?
6
What is the tens digit of 1244?
4
What is the hundreds digit of 9543?
5
What is the hundreds digit of 92922?
9
What is the tens digit of 1192?
9
What is the units digit of 2638?
8
What is the units digit of 83066?
6
What is the tens digit of 777?
7
What is the thousands digit of 1527?
1
What is the hundreds digit of 41943?
9
What is the units digit of 273?
3
What is the units digit of 2293?
3
What is the ten thousands digit of 20128?
2
What is the hundreds digit of 107957?
9
What is the hundreds digit of 685?
6
What is the units digit of 1483?
3
What is the ten thousands digit of 28724?
2
What is the hundreds digit of 13033?
0
What is the tens digit of 337?
3
What is the tens digit of 10039?
3
What is the units digit of 5422?
2
What is the thousands digit of 1981?
1
What is the ten thousands digit of 40579?
4
What is the tens digit of 35654?
5
What is the thousands digit of 19466?
9
What is the tens digit of 302?
0
What is the units digit of 2211?
1
What is the units digit of 12705?
5
What is the tens digit of 2813?
1
What is the hundreds digit of 6583?
5
What is the hundreds digit of 2326?
3
What is the hundreds digit of 714?
7
What is the thousands digit of 4333?
4
What is the hundreds digit of 4058?
0
What is the units digit of 18565?
5
What is the ten thousands digit of 111871?
1
What is the tens digit of 93550?
5
What is the units digit of 707?
7
What is the units digit of 911?
1
What is the tens digit of 562?
6
What is the tens digit of 6341?
4
What is the tens digit of 2152?
5
What is the thousands digit of 8829?
8
What is the tens digit of 4695?
9
What is the units digit of 1956?
6
What is the tens digit of 201?
0
What is the thousands digit of 3382?
3
What is the units digit of 69937?
7
What is the tens digit of 1515?
1
What is the tens digit of 3413?
1
What is the units digit of 1699?
9
What is the units digit of 2154?
4
What is the thousands digit of 14628?
4
What is the hundred thousands digit of 154060?
1
What is the units digit of 10844?
4
What is the tens digit of 183?
8
What is the tens digit of 627?
2
What is the tens digit of 1071?
7
What is the thousands digit of 2664?
2
What is the tens digit of 675?
7
What is the tens digit of 1562?
6
What is the ten thousands digit of 58144?
5
What is the ten thousands digit of 10900?
1
What is the units digit of 447?
7
What is the tens digit of 43280?
8
What is the units digit of 2573?
3
What is the thousands digit of 16377?
6
What is the units digit of 270?
0
What is the tens digit of 1907?
0
What is the units digit of 22565?
5
What is the tens digit of 115301?
0
What is the hundreds digit of 15131?
1
What is the units digit of 26762?
2
What is the hundreds digit of 1359?
3
What is the thousands digit of 19401?
9
What is the thousands digit of 2729?
2
What is the thousands digit of 3080?
3
What is the hundreds digit of 1788?
7
What is the tens digit of 41174?
7
What is the tens digit of 724?
2
What is the hundreds digit of 8416?
4
What is the thousands digit of 1171?
1
What is the units digit of 593?
3
What is the tens digit of 103412?
1
What is the hundreds digit of 132216?
2
What is the tens digit of 1612?
1
What is the hundreds digit of 3057?
0
What is the hundreds digit of 58274?
2
What is the tens digit of 33244?
4
What is the units digit of 1521?
1
What is the ten thousands digit of 23771?
2
What is the units digit of 271?
1
What is the hundreds digit of 939?
9
What is the units digit of 2899?
9
What is the hundreds digit of 11360?
3
What is the units digit of 160?
0
What is the thousands digit of 1456?
1
What is the hundreds digit of 1048?
0
What is the thousands digit of 2754?
2
What is the tens digit of 59?
5
What is the tens digit of 1318?
1
What is the thousands digit of 12510?
2
What is the hundreds digit of 482?
4
What is the tens digit of 52057?
5
What is the thousands digit of 1691?
1
What is the thousands digit of 3873?
3
What is the tens digit of 29395?
9
What is the hundreds digit of 16906?
9
What is the units digit of 41656?
6
What is the ten thousands digit of 102825?
0
What is the tens digit of 64?
6
What is the units digit of 5326?
6
What is the ten thousands digit of 42792?
4
What is the hundreds digit of 1754?
7
What is the hundreds digit of 3338?
3
What is the units digit of 4964?
4
What is the hundreds digit of 11787?
7
What is the tens digit of 22495?
9
What is the hundreds digit of 5067?
0
What is the ten thousands digit of 94135?
9
What is the thousands digit of 46682?
6
What is the hundreds digit of 129?
1
What is the hundreds digit of 850?
8
What is the thousands digit of 24065?
4
What is the thousands digit of 17416?
7
What is the ten thousands digit of 52599?
5
What is the tens digit of 2540?
4
What is the ten thousands digit of 11498?
1
What is the tens digit of 1550?
5
What is the hundreds digit of 2145?
1
What is the tens digit of 16899?
9
What is the hundreds digit of 10278?
2
What is the hundreds digit of 689?
6
What is the tens digit of 969?
6
What is the tens digit of 8068?
6
What is the tens digit of 1773?
7
What is the units digit of 313?
3
What is the hundreds digit of 365?
3
What is the thousands digit of 3112?
3
What is the ten thousands digit of 12903?
1
What is the units digit of 5863?
3
What is the tens digit of 10373?
7
What is the tens digit of 3262?
6
What is the thousands digit of 34862?
4
What is the thousands digit of 1403?
1
What is the tens digit of 789?
8
What is the ten thousands digit of 10489?
1
What is the hundreds digit of 650?
6
What is the hundreds digit of 2006?
0
What is the tens digit of 121129?
2
What is the units digit of 1678?
8
What is the hundreds digit of 4215?
2
What is the tens digit of 5865?
6
What is the units digit of 11337?
7
What is the ten thousands digit of 76796?
7
What is the thousands digit of 3896?
3
What is the units digit of 141568?
8
What is the units digit of 2228?
8
What is the ten thousands digit of 10889?
1
What is the hundreds digit of 19152?
1
What is the units digit of 1347?
7
What is the tens digit of 832?
3
What is the tens digit of 37156?
5
What is the units digit of 7291?
1
What is the units digit of 1660?
0
What is the units digit of 903?
3
What is the tens di